{"id":25,"date":"2025-06-11T10:45:54","date_gmt":"2025-06-11T10:45:54","guid":{"rendered":"http:\/\/earzewc.cluster100.hosting.ovh.net\/wp\/?page_id=25"},"modified":"2025-09-01T17:55:56","modified_gmt":"2025-09-01T17:55:56","slug":"zarzad","status":"publish","type":"page","link":"https:\/\/rodzielonadolina.pl\/?page_id=25","title":{"rendered":"Zarz\u0105d"},"content":{"rendered":"<p>&nbsp;<\/p>\n<table style=\"height: 113px;\" width=\"1961\">\n<tbody>\n<tr>\n<td>Przemys\u0142aw \u0141api\u0144ski&nbsp;&nbsp;&#8211;&nbsp; &nbsp; &nbsp; &nbsp;<em><strong>PREZES<\/strong><\/em>&nbsp; &nbsp; &nbsp; &nbsp; &nbsp; &nbsp; &nbsp;<strong><em>&nbsp;<\/em><\/strong><\/td>\n<\/tr>\n<tr>\n<td>Stanis\u0142aw Magdziuk&nbsp; &#8211;&nbsp; &nbsp; &nbsp; &nbsp; &nbsp;<em><strong>WICEPREZES<\/strong>&nbsp; &nbsp; &nbsp; &nbsp;<\/em><\/td>\n<\/tr>\n<tr>\n<td>El\u017cbieta Maciejewska &#8211;&nbsp; &nbsp; &nbsp; &nbsp;<em><strong>SEKRETARZ&nbsp; &nbsp; &nbsp; &nbsp;<\/strong><\/em><\/td>\n<\/tr>\n<tr>\n<td>Luiza Ole\u0144ska-Milewska &#8211;<em><strong>&nbsp; SKARBNIK<\/strong><\/em><\/td>\n<\/tr>\n<tr>\n<td>B\u0142a\u017cej Soko\u0142owski &#8211;&nbsp; &nbsp; &nbsp; &nbsp; &nbsp; &nbsp; &nbsp;<em><strong>CZ\u0141ONEK ZARZ\u0104DU<br \/>\n<\/strong><\/em><\/td>\n<\/tr>\n<\/tbody>\n<\/table>\n<p>&nbsp;<\/p>\n<div class=\"fcbkbttn_buttons_block\" id=\"fcbkbttn_left\"><div class=\"fb-share-button  \" data-href=\"https:\/\/rodzielonadolina.pl\/?page_id=25\" data-type=\"button_count\" data-size=\"small\"><\/div><\/div>","protected":false},"excerpt":{"rendered":"<p>&nbsp; Przemys\u0142aw \u0141api\u0144ski&nbsp;&nbsp;&#8211;&nbsp; &nbsp; &nbsp; &nbsp;PREZES&nbsp; &nbsp; &nbsp; &nbsp; &nbsp; &nbsp; &nbsp;&nbsp; Stanis\u0142aw Magdziuk&nbsp; &#8211;&nbsp; &nbsp; &nbsp; &nbsp; &nbsp;WICEPREZES&nbsp; &nbsp; &nbsp; &nbsp; El\u017cbieta Maciejewska &#8211;&nbsp; &nbsp; &nbsp; &nbsp;SEKRETARZ&nbsp; &nbsp; &nbsp; &nbsp; Luiza Ole\u0144ska-Milewska &#8211;&nbsp; SKARBNIK B\u0142a\u017cej Soko\u0142owski &#8211;&nbsp; &nbsp; &nbsp; &nbsp; &nbsp; &nbsp; &nbsp;CZ\u0141ONEK ZARZ\u0104DU &nbsp;<\/p>\n","protected":false},"author":1,"featured_media":0,"parent":0,"menu_order":0,"comment_status":"closed","ping_status":"closed","template":"","meta":{"ngg_post_thumbnail":0,"footnotes":""},"class_list":["post-25","page","type-page","status-publish","hentry"],"_links":{"self":[{"href":"https:\/\/rodzielonadolina.pl\/index.php?rest_route=\/wp\/v2\/pages\/25","targetHints":{"allow":["GET"]}}],"collection":[{"href":"https:\/\/rodzielonadolina.pl\/index.php?rest_route=\/wp\/v2\/pages"}],"about":[{"href":"https:\/\/rodzielonadolina.pl\/index.php?rest_route=\/wp\/v2\/types\/page"}],"author":[{"embeddable":true,"href":"https:\/\/rodzielonadolina.pl\/index.php?rest_route=\/wp\/v2\/users\/1"}],"replies":[{"embeddable":true,"href":"https:\/\/rodzielonadolina.pl\/index.php?rest_route=%2Fwp%2Fv2%2Fcomments&post=25"}],"version-history":[{"count":6,"href":"https:\/\/rodzielonadolina.pl\/index.php?rest_route=\/wp\/v2\/pages\/25\/revisions"}],"predecessor-version":[{"id":299,"href":"https:\/\/rodzielonadolina.pl\/index.php?rest_route=\/wp\/v2\/pages\/25\/revisions\/299"}],"wp:attachment":[{"href":"https:\/\/rodzielonadolina.pl\/index.php?rest_route=%2Fwp%2Fv2%2Fmedia&parent=25"}],"curies":[{"name":"wp","href":"https:\/\/api.w.org\/{rel}","templated":true}]}}